{"id":57033,"date":"2017-05-05T12:19:14","date_gmt":"2017-05-05T10:19:14","guid":{"rendered":"https:\/\/undsgn.com\/uncode\/?page_id=57033"},"modified":"2020-11-06T10:34:30","modified_gmt":"2020-11-06T09:34:30","slug":"transmisja-online","status":"publish","type":"page","link":"https:\/\/muzyczne-miasto.pl\/index.php\/transmisja-online\/","title":{"rendered":"Transmisja wydarze\u0144 online"},"content":{"rendered":"<p>[vc_row row_height_percent=&#8221;5&#8243; override_padding=&#8221;yes&#8221; h_padding=&#8221;2&#8243; top_padding=&#8221;2&#8243; bottom_padding=&#8221;2&#8243; back_color=&#8221;color-prif&#8221; overlay_color=&#8221;color-143410&#8243; overlay_alpha=&#8221;72&#8243; gutter_size=&#8221;3&#8243; column_width_percent=&#8221;100&#8243; shift_y=&#8221;0&#8243; z_index=&#8221;0&#8243;][vc_column column_width_percent=&#8221;100&#8243; position_vertical=&#8221;bottom&#8221; gutter_size=&#8221;3&#8243; style=&#8221;dark&#8221; overlay_alpha=&#8221;50&#8243; shift_x=&#8221;0&#8243; shift_y=&#8221;0&#8243; medium_width=&#8221;0&#8243; zoom_width=&#8221;0&#8243; zoom_height=&#8221;0&#8243; width=&#8221;1\/1&#8243;][vc_custom_heading heading_semantic=&#8221;h3&#8243; text_font=&#8221;font-762333&#8243; text_size=&#8221;h3&#8243; text_weight=&#8221;600&#8243; text_height=&#8221;fontheight-179065&#8243; sub_reduced=&#8221;yes&#8221;]Transmisja wydarze\u0144 online[\/vc_custom_heading][\/vc_column][\/vc_row][vc_row row_height_percent=&#8221;0&#8243; override_padding=&#8221;yes&#8221; h_padding=&#8221;2&#8243; top_padding=&#8221;3&#8243; bottom_padding=&#8221;3&#8243; overlay_color=&#8221;color-xsdn&#8221; overlay_alpha=&#8221;70&#8243; gutter_size=&#8221;100&#8243; border_color=&#8221;color-gyho&#8221; border_style=&#8221;solid&#8221; shift_y=&#8221;0&#8243; style=&#8221;inherited&#8221; row_name=&#8221;Welcome&#8221; css=&#8221;.vc_custom_1438176136018{border-bottom-width: 1px !important;}&#8221;][vc_column column_width_percent=&#8221;100&#8243; gutter_size=&#8221;1&#8243; overlay_alpha=&#8221;50&#8243; shift_x=&#8221;0&#8243; shift_y=&#8221;0&#8243; z_index=&#8221;0&#8243; medium_width=&#8221;0&#8243; width=&#8221;1\/1&#8243;][vc_column_text]Je\u015bli zastanawiasz si\u0119 czy w zwi\u0105zku z ograniczeniem kontakt\u00f3w mi\u0119dzyludzkich anulowa\u0107 nadchodz\u0105ce wydarzenie, koncert, konferencj\u0119, najpierw rozwa\u017c nasze us\u0142ugi wirtualnych wydarze\u0144.[\/vc_column_text][vc_empty_space empty_h=&#8221;2&#8243;][vc_row_inner row_inner_height_percent=&#8221;0&#8243; overlay_alpha=&#8221;50&#8243; gutter_size=&#8221;4&#8243; shift_y=&#8221;0&#8243;][vc_column_inner column_width_percent=&#8221;100&#8243; gutter_size=&#8221;3&#8243; overlay_alpha=&#8221;50&#8243; shift_x=&#8221;0&#8243; shift_y=&#8221;0&#8243; z_index=&#8221;0&#8243; medium_width=&#8221;0&#8243; mobile_width=&#8221;0&#8243; width=&#8221;1\/2&#8243;][vc_custom_heading text_font=&#8221;font-762333&#8243; text_size=&#8221;h4&#8243; text_transform=&#8221;capitalize&#8221; text_align=&#8221;text-left&#8221; text_uppercase=&#8221;&#8221;]Wirtualne wydarzenie[\/vc_custom_heading][vc_separator][uncode_list icon=&#8221;fa fa-check2&#8243; icon_color=&#8221;accent&#8221;]<\/p>\n<ul>\n<li>Transmituj swoje wydarzenie do wszystkich lub wybranej grupy go\u015bci.<\/li>\n<li>Uruchom interakcj\u0119 podczas prezentacji<\/li>\n<li>Wy\u015blij nagranie osobom, kt\u00f3re nie mog\u0142y ogl\u0105da\u0107 na \u017cywo<\/li>\n<\/ul>\n<p>[\/uncode_list][\/vc_column_inner][vc_column_inner width=&#8221;1\/2&#8243;][vc_custom_heading text_font=&#8221;font-762333&#8243; text_size=&#8221;h4&#8243; text_transform=&#8221;capitalize&#8221; text_align=&#8221;text-left&#8221; text_uppercase=&#8221;&#8221;]Transmisja na \u017cywo obejmuje:[\/vc_custom_heading][vc_separator][uncode_list icon=&#8221;fa fa-check2&#8243; icon_color=&#8221;accent&#8221;]<\/p>\n<ul>\n<li>Nowoczesny sprz\u0119t do nagrywania i transmisji na \u017cywo<\/li>\n<li>Operatora kamer<\/li>\n<li>Realizatora d\u017awi\u0119ku<\/li>\n<li>Realizatora grafiki<\/li>\n<li>Realizatora transmisji<\/li>\n<\/ul>\n<p>[\/uncode_list][\/vc_column_inner][\/vc_row_inner][\/vc_column][\/vc_row]<\/p>\n","protected":false},"excerpt":{"rendered":"<p>[vc_row row_height_percent=&#8221;5&#8243; override_padding=&#8221;yes&#8221; h_padding=&#8221;2&#8243; top_padding=&#8221;2&#8243; bottom_padding=&#8221;2&#8243; back_color=&#8221;color-prif&#8221; overlay_color=&#8221;color-143410&#8243; overlay_alpha=&#8221;72&#8243; gutter_size=&#8221;3&#8243; column_width_percent=&#8221;100&#8243; shift_y=&#8221;0&#8243; z_index=&#8221;0&#8243;][vc_column column_width_percent=&#8221;100&#8243; position_vertical=&#8221;bottom&#8221; gutter_size=&#8221;3&#8243; style=&#8221;dark&#8221; overlay_alpha=&#8221;50&#8243; shift_x=&#8221;0&#8243; shift_y=&#8221;0&#8243; [&hellip;]<\/p>\n","protected":false},"author":1,"featured_media":85660,"parent":0,"menu_order":0,"comment_status":"closed","ping_status":"closed","template":"","meta":[],"_links":{"self":[{"href":"https:\/\/muzyczne-miasto.pl\/index.php\/wp-json\/wp\/v2\/pages\/57033"}],"collection":[{"href":"https:\/\/muzyczne-miasto.pl\/index.php\/wp-json\/wp\/v2\/pages"}],"about":[{"href":"https:\/\/muzyczne-miasto.pl\/index.php\/wp-json\/wp\/v2\/types\/page"}],"author":[{"embeddable":true,"href":"https:\/\/muzyczne-miasto.pl\/index.php\/wp-json\/wp\/v2\/users\/1"}],"replies":[{"embeddable":true,"href":"https:\/\/muzyczne-miasto.pl\/index.php\/wp-json\/wp\/v2\/comments?post=57033"}],"version-history":[{"count":27,"href":"https:\/\/muzyczne-miasto.pl\/index.php\/wp-json\/wp\/v2\/pages\/57033\/revisions"}],"predecessor-version":[{"id":90639,"href":"https:\/\/muzyczne-miasto.pl\/index.php\/wp-json\/wp\/v2\/pages\/57033\/revisions\/90639"}],"wp:featuredmedia":[{"embeddable":true,"href":"https:\/\/muzyczne-miasto.pl\/index.php\/wp-json\/wp\/v2\/media\/85660"}],"wp:attachment":[{"href":"https:\/\/muzyczne-miasto.pl\/index.php\/wp-json\/wp\/v2\/media?parent=57033"}],"curies":[{"name":"wp","href":"https:\/\/api.w.org\/{rel}","templated":true}]}}